 remainder when 54992689 is divided by 719?
693
What is the remainder when 12975 is divided by 4189?
408
What is the remainder when 19326347 is divided by 19326297?
50
What is the remainder when 1439281 is divided by 899?
881
Calculate the remainder when 73540 is divided by 14242.
2330
What is the remainder when 306010 is divided by 908?
14
What is the remainder when 140536940 is divided by 67?
18
What is the remainder when 37575 is divided by 1005?
390
What is the remainder when 211298163 is divided by 35216359?
9
What is the remainder when 2366743 is divided by 108?
31
Calculate the remainder when 323973 is divided by 871.
832
What is the remainder when 70569454 is divided by 635?
634
What is the remainder when 5644325 is divided by 2822157?
11
Calculate the remainder when 6239695 is divided by 567231.
154
What is the remainder when 1198221 is divided by 32?
13
What is the remainder when 780737 is divided by 8577?
230
What is the remainder when 955039 is divided by 56173?
98
What is the remainder when 940970 is divided by 156767?
368
Calculate the remainder when 10864 is divided by 808.
360
Calculate the remainder when 64539 is divided by 4267.
534
Calculate the remainder when 3276880 is divided by 30063.
13
Calculate the remainder when 31381 is divided by 1059.
670
Calculate the remainder when 64587374 is divided by 112.
110
What is the remainder when 28521 is divided by 4631?
735
What is the remainder when 58351 is divided by 9642?
499
Calculate the remainder when 1234436 is divided by 27430.
86
What is the remainder when 124820828 is divided by 63?
62
What is the remainder when 86999 is divided by 63?
59
What is the remainder when 16052397 is divided by 1300?
1297
What is the remainder when 6739180 is divided by 2134?
8
Calculate the remainder when 173652 is divided by 10845.
132
Calculate the remainder when 736718 is divided by 368354.
10
Calculate the remainder when 755636 is divided by 6687.
5
What is the remainder when 35385 is divided by 16175?
3035
Calculate the remainder when 96643 is divided by 994.
225
Calculate the remainder when 57353 is divided by 188.
13
What is the remainder when 10908286 is divided by 153?
151
What is the remainder when 14195882 is divided by 17?
15
Calculate the remainder when 281037 is divided by 140478.
81
What is the remainder when 3723343 is divided by 1861595?
153
Calculate the remainder when 299423 is divided by 3024.
47
What is the remainder when 117534056 is divided by 180?
176
Calculate the remainder when 334531 is divided by 167264.
3
What is the remainder when 60904533 is divided by 3574?
3573
Calculate the remainder when 68363 is divided by 9696.
491
Calculate the remainder when 30361207 is divided by 6852.
6847
Calculate the remainder when 632152 is divided by 14.
10
What is the remainder when 1523 is divided by 1238?
285
What is the remainder when 1442830 is divided by 110958?
376
Calculate the remainder when 1750545 is divided by 4675.
2095
What is the remainder when 8056 is divided by 1750?
1056
Calculate the remainder when 500257 is divided by 740.
17
What is the remainder when 17660 is divided by 4776?
3332
Calculate the remainder when 16602517 is divided by 970.
967
Calculate the remainder when 700031 is divided by 11666.
71
Calculate the remainder when 807141 is divided by 3377.
38
Calculate the remainder when 72239 is divided by 23574.
1517
Calculate the remainder when 3044885 is divided by 678.
665
What is the remainder when 254888 is divided by 15913?
280
What is the remainder when 87285 is divided by 1893?
207
What is the remainder when 5105120 is divided by 307?
17
What is the remainder when 113319 is divided by 14161?
31
Calculate the remainder when 1007707 is divided by 101.
30
What is the remainder when 1880369 is divided by 33578?
1
What is the remainder when 112325656 is divided by 212?
0
What is the remainder when 63139 is divided by 15633?
607
Calculate the remainder when 591668 is divided by 17929.
11
What is the remainder when 28030 is divided by 846?
112
What is the remainder when 12500518 is divided by 12?
10
What is the remainder when 235490 is divided by 23100?
4490
Calculate the remainder when 59556723 is divided by 19852241.
0
What is the remainder when 21261 is divided by 8558?
4145
Calculate the remainder when 26383809 is divided by 5037.
3
What is the remainder when 529731 is divided by 176458?
357
Calculate the remainder when 929062 is divided by 1070.
302
Calculate the remainder when 127807 is divided by 248.
87
Calculate the remainder when 242767 is divided by 1697.
96
Calculate the remainder when 3264992 is divided by 1810.
1562
Calculate the remainder when 2744751 is divided by 60.
51
Calculate the remainder when 921327 is divided by 43.
9
What is the remainder when 672075 is divided by 167894?
499
What is the remainder when 9203581 is divided by 187?
2
Calculate the remainder when 4909410 is divided by 342.
0
What is the remainder when 3892381 is divided by 67?
16
Calculate the remainder when 205126 is divided by 68106.
808
What is the remainder when 380799999 is divided by 640?
639
What is the remainder when 28558 is divided by 107?
96
What is the remainder when 1782591 is divided by 75?
66
What is the remainder when 318531 is divided by 886?
457
What is the remainder when 607482 is divided by 47?
7
Calculate the remainder when 193322 is divided by 64403.
113
What is the remainder when 136271624 is divided by 1369?
1364
What is the remainder when 2060795 is divided by 834?
815
What is the remainder when 27946151 is divided by 231?
2
What is the remainder when 5032 is divided by 68?
0
What is the remainder when 277252 is divided by 64?
4
Calculate the remainder when 7962887 is divided by 218.
1
What is the remainder when 12276082 is divided by 1363991?
163
Calculate the remainder when 6396120 is divided by 1707.
1698
What is the remainder when 161686 is divided by 23005?
651
What is the remainder when 3442781 is divided by 721?
6
What is the remainder when 2214707 is divided by 2214683?
24
What is the remainder when 3270616 is divided by 672?
664
Calculate the remainder when 1302625 is divided by 200.
25
What is the remainder when 3022992 is divided by 1424?
1264
What is the remainder when 9945062 is divided by 39?
23
Calculate the remainder when 221295 is divided by 146.
105
Calculate the remainder when 32499 is divided by 5261.
933
Calculate the remainder when 183276198 is divided by 4479.
4476
What is the remainder when 42403 is divided by 42173?
230
Calculate the remainder when 94124136 is divided by 120.
96
Calculate the remainder when 151743 is divided by 37844.
367
Calculate the remainder when 3967630 is divided by 61.
7
Calculate the remainder when 55322551 is divided by 82.
21
Calculate the remainder when 23469 is divided by 11548.
373
Calculate the remainder when 26451742 is divided by 8817239.
25
Calculate the remainder when 20099638 is divided by 20.
18
Calculate the remainder when 416442 is divided by 63.
12
What is the remainder when 9371166 is divided by 115692?
114
What is the remainder when 3104 is divided by 391?
367
Calculate the remainder when 188033 is divided by 15390.
3353
Calculate the remainder when 11581985 is divided by 3860656.
17
Calculate the remainder when 594975 is divided by 103.
47
What is the remainder when 58710 is divided by 3481?
3014
What is the remainder when 2900109 is divided by 293?
288
Calculate the remainder when 462662 is divided by 539.
200
Calculate the remainder when 5944 is divided by 3814.
2130
Calculate the remainder when 17154258 is divided by 57.
51
Calculate the remainder when 4007 is divided by 3603.
404
What is the remainder when 1122683 is divided by 280664?
27
Calculate the remainder when 32351874 is divided by 37.
36
Calculate the remainder when 110706301 is divided by 42.
13
Calculate the remainder when 92758 is divided by 1496.
6
Calculate the remainder when 24743984 is divided by 1345.
19
What is the remainder when 4579987 is divided by 25?
12
Calculate the remainder when 2604946 is divided by 502.
68
What is the remainder when 4913277 is divided by 233963?
54
What is the remainder when 28133071 is divided by 716?
715
Calculate the remainder when 4271871 is divided by 3611.
58
What is the re